ime factors of 1476453817.
47, 31413911
List the prime factors of 302042879.
43, 7024253
List the prime factors of 936487506.
2, 3, 83, 1880497
What are the prime factors of 1748964413?
7, 23, 43, 257, 983
List the prime factors of 1207572624.
2, 3, 67, 13907
List the prime factors of 84962129.
7, 19, 13037
List the prime factors of 8295738.
2, 3, 11, 125693
List the prime factors of 65874771.
3, 199, 36781
List the prime factors of 164577587.
164577587
What are the prime factors of 697774882?
2, 7, 157, 317459
What are the prime factors of 968233120?
2, 5, 6051457
What are the prime factors of 168467661?
3, 19, 328397
List the prime factors of 3588322718.
2, 1794161359
What are the prime factors of 131120104?
2, 16390013
What are the prime factors of 205619224?
2, 53, 484951
What are the prime factors of 72408286?
2, 1289, 28087
What are the prime factors of 26357847?
3, 751, 11699
List the prime factors of 1901120767.
7, 13, 443, 6737
What are the prime factors of 210756519?
3, 7805797
What are the prime factors of 23457698?
2, 11, 401, 2659
List the prime factors of 87995180.
2, 5, 7, 13, 6907
What are the prime factors of 126632083?
101, 1253783
List the prime factors of 94514836.
2, 13, 263, 6911
List the prime factors of 566927493.
3, 11, 17179621
What are the prime factors of 139247?
17, 8191
List the prime factors of 109639844.
2, 2237, 12253
What are the prime factors of 479228688?
2, 3, 61, 89, 613
List the prime factors of 118766066.
2, 23, 263, 9817
List the prime factors of 357483209.
43, 8313563
What are the prime factors of 3862623720?
2, 3, 5, 17, 127, 877
List the prime factors of 6364456256.
2, 99444629
List the prime factors of 327209202.
2, 3, 347, 52387
List the prime factors of 1031788119.
3, 23, 14953451
What are the prime factors of 95651912?
2, 11956489
List the prime factors of 44613542.
2, 17, 29, 45247
List the prime factors of 20669513.
20669513
List the prime factors of 44108007.
3, 14702669
List the prime factors of 1013006673.
3, 7, 16079471
List the prime factors of 317189280.
2, 3, 5, 660811
List the prime factors of 656319447.
3, 7, 10417769
What are the prime factors of 110950343?
7, 15850049
List the prime factors of 602841595.
5, 19, 6345701
List the prime factors of 686937577.
686937577
What are the prime factors of 63343309?
17, 12893
What are the prime factors of 341354837?
2969, 114973
List the prime factors of 7033282545.
3, 5, 139, 241, 13997
What are the prime factors of 644644623?
3, 7, 463, 66301
What are the prime factors of 30968475?
3, 5, 17, 107, 227
What are the prime factors of 322709311?
322709311
What are the prime factors of 434987775?
3, 5, 379, 5101
List the prime factors of 48828914.
2, 61, 400237
List the prime factors of 32866053.
3, 11, 995941
List the prime factors of 195222232.
2, 373, 65423
What are the prime factors of 463179223?
13, 331, 107641
What are the prime factors of 124342934?
2, 929, 66923
List the prime factors of 1418050782.
2, 3, 78780599
What are the prime factors of 252565483?
252565483
List the prime factors of 7249689388.
2, 31, 151, 387187
What are the prime factors of 17417193?
3, 43, 135017
What are the prime factors of 2028704662?
2, 5581, 181751
List the prime factors of 1651211486.
2, 487, 1695289
What are the prime factors of 3457508278?
2, 7, 227, 541, 2011
List the prime factors of 1239197924.
2, 309799481
What are the prime factors of 8217191328?
2, 3, 31, 2761153
List the prime factors of 32802592.
2, 1025081
What are the prime factors of 511581862?
2, 11, 23253721
List the prime factors of 42129802.
2, 11, 13, 19, 7753
List the prime factors of 105889610.
2, 5, 10588961
List the prime factors of 122054739.
3, 40684913
What are the prime factors of 70079256?
2, 3, 13, 47, 59
List the prime factors of 619699500.
2, 3, 5, 7, 103, 191
What are the prime factors of 32601888?
2, 3, 11, 41, 251
What are the prime factors of 823447213?
19, 1889, 22943
List the prime factors of 2833705883.
2833705883
List the prime factors of 3654064988.
2, 7, 109, 1197269
What are the prime factors of 6817782619?
157, 1291, 33637
List the prime factors of 17043215.
5, 7, 486949
List the prime factors of 2507225902.
2, 19, 163, 404783
List the prime factors of 601650229.
37, 149, 109133
List the prime factors of 92249426.
2, 41, 1124993
What are the prime factors of 26905922?
2, 41, 328121
List the prime factors of 1000580029.
43, 359, 64817
List the prime factors of 19658476.
2, 4914619
What are the prime factors of 934050519?
3, 137, 757543
What are the prime factors of 6363336054?
2, 3, 1811, 585619
What are the prime factors of 223847567?
53, 4223539
What are the prime factors of 52586082?
2, 3, 163, 17923
List the prime factors of 19016474.
2, 1447, 6571
List the prime factors of 3754736492.
2, 13, 31, 2329241
What are the prime factors of 178553383?
6389, 27947
What are the prime factors of 149611943?
13, 149, 77239
What are the prime factors of 709078729?
43, 113, 145931
What are the prime factors of 929259697?
929259697
What are the prime factors of 36472501?
13, 2805577
List the prime factors of 857216086.
2, 71, 1531, 3943
What are the prime factors of 263863129?
263863129
What are the prime factors of 73884580?
2, 5, 7, 11, 47977
What are the prime factors of 5049410122?
2, 34297, 73613
List the prime factors of 105873168.
2, 3, 19, 116089
What are the prime factors of 17974606?
2, 13, 29, 31, 769
List the prime factors of 59573106.
2, 3, 107, 30931
What are the prime factors of 806671102?
2, 403335551
List the prime factors of 473660882.
2, 1543, 153487
What are the prime factors of 9091418?
2, 7, 37, 17551
List the prime factors of 204003372.
2, 3, 41, 414641
What are the prime factors of 12801480?
2, 3, 5, 107, 997
What are the prime factors of 4524084236?
2, 7, 161574437
What are the prime factors of 1214393953?
1214393953
List the prime factors of 689954532.
2, 3, 57496211
List the prime factors of 75302557.
11, 6845687
What are the prime factors of 188607432?
2, 3, 13, 139, 4349
What are the prime factors of 1304557324?
2, 7, 46591333
List the prime factors of 1101740919.
3, 661, 555593
List the prime factors of 154046406.
2, 3, 25674401
What are the prime factors of 40430165?
5, 17, 475649
What are the prime factors of 787671016?
2, 11, 1229, 7283
List the prime factors of 251413895.
5, 50282779
List the prime factors of 591780855.
3, 5, 31, 1272647
List the prime factors of 286248085.
5, 57249617
List the prime factors of 2710248476.
2, 13, 29, 103, 17449
What are the prime factors of 1541266572?
2, 3, 811, 158371
List the prime factors of 303458496.
2, 3, 11, 53, 2711
What are the prime factors of 180040833?
3, 7, 952597
List the prime factors of 221845303.
37, 5995819
What are the prime factors of 5199455504?
2, 324965969
What are the prime factors of 244130138?
2, 7, 1499, 11633
List the prime factors of 2864546182.
2, 181, 1697, 4663
What are the prime factors of 35220221?
883, 39887
What are the prime factors of 1438055362?
2, 23911, 30071
What are the prime factors of 20980194?
2, 3, 1069, 3271
What are the prime factors of 4566527179?
4566527179
List the prime factors of 537576026.
2, 13, 449, 46049
List the prime factors of 350136586.
2, 6833, 25621
What are the prime factors of 130502444?
2, 32625611
What are the prime factors of 553756155?
3, 5, 1459, 25303
List the prime factors of 62828698.
2, 3371, 9319
List the prime factors of 353060308.
2, 88265077
List the prime factors of 1828745421.
3, 19, 317, 101209
List the prime factors of 381749006.
2, 617, 309359
List the prime factors of 15319136.
2, 7, 68389
What are the prime factors of 90373740?
2, 3, 5, 1506229
What are the prime factors of 360108200?
2, 5, 1800541
List the prime factors of 2187279735.
3, 5, 101, 919, 1571
List the prime factors of 839958518.
2, 7, 577, 103981
List the prime factors of 78039953.
239, 347, 941
What are the prime factors of 613388350?
2, 5, 67, 283, 647
List the prime factors of 44514204.
2, 3, 7, 331, 1601
List the prime factors of 2786771725.
5, 111470869
List the prime factors of 2667704921.
7, 37, 383, 26893
List the prime factors of 1886653434.
2, 3, 3847, 81737
What are the prime factors of 48749399?
59, 79, 10459
List the prime factors of 9495129.
3, 